i = -6, -g + 5 = 3*i + 2. Suppose 7 + 4 = 3*w - 4*f, 30 = -5*w - g*f. Let h(y) = -y**2 - 3*y - 2. Determine h(w).
-2
Suppose -14 = 5*v + 21. Let i(n) = n**3 + 7*n**2 - 4. What is i(v)?
-4
Suppose -3 = 5*m + 4*k + 2, 5*k - 3 = 3*m. Suppose 16 = 3*n - 4*u - 0*u, -4*u = -2*n + 12. Let d(q) = -2*q + q**2 - 2 + 1 - n*q**2. Determine d(m).
-2
Let p(z) = z**3 - 4*z**2 + 4*z. Let i be p(3). Let l(b) = -b**2 + b + 4. Let s be l(i). Let y(n) = -n - 4. Calculate y(s).
-2
Let f(t) be the third derivative of -t**5/60 - t**4/4 - 2*t**3/3 + 3*t**2. Let d be f(-5). Let b(c) = 7*c**2 - 2*c + 1. What is b(d)?
6
Let y(w) = w**2 - 3*w + 14. Let p(a) = -a**2 + 4*a - 13. Let t(l) = -6*p(l) - 5*y(l). Determine t(7).
-6
Let p(c) = -c**2 - 6*c + 2. Suppose y + 2*w - 9 = 0, -2*y = 2*y + 3*w - 16. Suppose k + 4 = -y. What is p(k)?
7
Let v(k) = k**3 + 2 - 6*k + 9*k - 4*k**2 + 0*k**3. Calculate v(4).
14
Let x(t) = t**2 + t - 12. Let i(o) = -3*o - 12. Let q be i(-7). Suppose 3*j = q*j. What is x(j)?
-12
Suppose -4*f + 84 = 4*h, 2*h + f = -10 + 52. Let u = h - 29. Let x = u + 3. Let d(o) = o - 1. Calculate d(x).
-6
Let f(i) be the first derivative of -i**4/4 - 7*i**3/3 + i**2/2 + 10*i - 14. Calculate f(-7).
3
Let u(h) = 5*h**2 - 4*h + 3*h + 4 - 5*h**3 + 5*h. Let d(c) = -10*c**3 + 11*c**2 + 9*c + 9. Let b(m) = -4*d(m) + 9*u(m). Determine b(-1).
6
Let a(w) = -9*w + 6. Let r(p) = -4*p + 3. Let v(d) = -2*a(d) + 5*r(d). Let f(k) = -k - 1. Let l be f(5). Let h = 8 + l. Determine v(h).
-1
Let s(b) = 7*b**2 + 5*b - 9. Let c(q) = q**2 - 1. Let f(a) = -6*c(a) + s(a). Let w(r) = -r + 3. Let d be w(5). Let g be 3/(5/4 + d). Determine f(g).
-7
Let k(z) = -z - 1. Let o be k(-4). Suppose o*w - 6 = w. Let q(c) = c**2 - 1. Give q(w).
8
Let u(o) = -7*o**2 - o. Let p(n) = 7*n + 2*n**3 - 3*n**3 - n - 3 + 3*n**2. Let b be p(4). Suppose j + b*i + 1 = 0, -3*i = 2*j - 6*i + 2. Determine u(j).
-6
Let d be 4/(2/(-1))*-1. Let w(s) = -4 + 4*s**d - 5*s**2 + 0 - 7*s - 2. Give w(-5).
4
Suppose -7 + 3 = -2*k. Let i(u) = -2 + 2*u + 8 + u**2 + k*u + 0*u**2. Give i(-4).
6
Let i(n) = 2*n. Let r be i(2). Let y(j) = -4*j - 4. What is y(r)?
-20
Let o(z) = -z + 1. Let a be (-2)/6 + (-2)/3. Let g = a - -4. Let r(h) = h**2 - 3*h - 1. Let l be r(g). Give o(l).
2
Let m(x) be the third derivative of -x**6/120 - x**5/20 + 7*x**4/24 + 5*x**3/6 - 2*x**2. Let h = -12 - -21. Suppose 0 = 5*p + h + 11. Give m(p).
-7
Let a(v) be the third derivative of -v**6/120 + v**5/10 - v**4/4 - v**3/2 - 2*v**2. Let q = 2 - -3. Determine a(q).
-8
Let c(k) = k**3 + 8*k**2 + 9*k + 2. Let h be c(-7). Let v = h - -13. Let z(o) = o**2 - 2*o. Give z(v).
-1
Let p(k) = -k**3 - 2*k**2 + 6*k + 3. Let f = -8 + 4. What is p(f)?
11
Let h(u) = 9*u + 29 - 6*u + 0*u. Let y(q) = -q - 10. Let o(z) = -3*h(z) - 8*y(z). Calculate o(0).
-7
Suppose -3*y = -5*g - 0*g + 16, 13 = -2*y + g. Let q(i) = i**2 + 6*i - 6. Give q(y).
1
Let b(v) = v**2 - 7*v + 3. Suppose 0*o - 35 = -7*o. Calculate b(o).
-7
Let o(c) = c**2 - 4*c - 4. Let m be 108/(-5) + (-6)/15. Let j be m/(-4) - 7/14. Suppose 0*f - f = -j. What is o(f)?
1
Let j(u) = 7*u. Let q be j(2). Suppose -25 = 5*w - i - 3, -q = w + 3*i. Let s(n) be the first derivative of n**3/3 + 2*n**2 - 6*n - 18. Calculate s(w).
-1
Let m(w) = -2*w**2 - 4*w + 3. Let q(l) = -l**2 + l. Let v(b) = m(b) - 3*q(b). What is v(5)?
-7
Let c be (-10)/6 - 52/(-78). Let t(w) = -6*w - 1. Determine t(c).
5
Suppose w - 30 = -4*w. Let f be w/(-10) + 18/5. Suppose f*q = -2*q + 10. Let d(b) = b**3 - b**2 - 3*b + 1. Calculate d(q).
-1
Let s(f) be the first derivative of -1 + 1/2*f**3 + 1/6*f**4 - 1/60*f**5 + 0*f + f**2. Let g(l) be the second derivative of s(l). Calculate g(-2).
-9
Let m(v) = v**2 + 6*v - 10. Suppose -4*w = 5*n + 35, -w - 2 = 2*n + 12. Determine m(n).
-3
Let c(h) be the second derivative of -h**5/20 + h**4/2 - 2*h**3/3 - 5*h**2/2 - h. Give c(5).
0
Let j(s) = -s**2 + 6*s. Suppose f = 6*f - w - 27, 3*w = -2*f + 21. Determine j(f).
0
Let f(k) = k**2 - 8*k - 5. Let q be (2 - (-2 + -5))*20/30. Calculate f(q).
-17
Let k(j) = -3*j**2 - 2*j**3 + j**3 - 154 - j**2 + 152 - 4*j. Suppose -5*h = -5, h - 4 = -4*q + 9. Suppose 0 = -q*m + 8*m + 15. What is k(m)?
1
Let d = 2 - 9. Let h(p) = 9*p - 1. Let n(c) = 8*c. Let i(f) = d*n(f) + 6*h(f). Let x(v) = -v**3 - 5*v**2 - 4*v - 5. Let t be x(-4). What is i(t)?
4
Let o(n) be the first derivative of 7*n**3/3 + n + 19. What is o(1)?
8
Let t(k) be the first derivative of k**3/3 + 5*k**2 + 3*k + 3. Let z be t(-10). Let g(w) be the second derivative of w**4/12 - 2*w**3/3 + w. Give g(z).
-3
Let n(t) = 8*t**3 - 6*t**2 - 9*t + 1. Let i(k) = 7*k**3 - 6*k**2 - 8*k + 1. Let y(s) = -7*i(s) + 6*n(s). What is y(6)?
11
Let g(a) be the second derivative of -a**5/120 + a**4/6 - a**3/2 + a. Let b(x) be the second derivative of g(x). What is b(3)?
1
Let y(a) = 5 - 1 - 1 + 7*a**2 + 2*a**3 - 3*a**2 + 4*a. Let t = 7 + -9. Determine y(t).
-5
Let s(l) = 11*l**3 + 7*l**2 + 3*l + 1. Let i(n) = 4*n**3 + 2*n**2 + n. Let v(f) = 8*i(f) - 3*s(f). Give v(-5).
2
Let n = 0 - -2. Let r be (7/(-14))/(n/(-20)). Let i(y) = r + y - 3 - 4 + 1. Give i(5).
4
Let l(w) = -4*w**3 + 5*w**2 - 2*w - 3. Let d(r) = -3*r**3 + 4*r**2 - r - 2. Let o(a) = -3*d(a) + 2*l(a). Determine o(-1).
-2
Suppose 57*o + 16 = 59*o. Let t(r) = r**2 + 4*r - 1. Let z be t(-5). Suppose 3*h = 4*b + o, -4*b + 2*b - z = 5*h. Let a(l) = -l - 2. What is a(b)?
0
Let p(g) = g - 10. Let i = 5 - 0. Determine p(i).
-5
Suppose 2*d = -3*k - 1 + 3, 2*d + 18 = 2*k. Let h(v) be the second derivative of -v**2 + 1/20*v**5 - 1/3*v**3 + 1/6*v**k - v + 0. What is h(-2)?
2
Let q(d) = d**2 + 2. Let t(l) be the third derivative of l**5/10 - l**3/6 + 2*l**2. Let p be t(-1). Suppose 9 = -p*j - 1. Calculate q(j).
6
Let w be (108/90)/(7/5 - 1). Let d(i) = i**3 - 2*i**2 - 2*i + 3. What is d(w)?
6
Let d(z) = 4*z**3 - 1 + 1 + 7*z - 6*z + 3*z**2. Determine d(-2).
-22
Let j(t) = 5*t - t**3 - t - 8 + 5 + 2*t**2. Calculate j(2).
5
Let n be 0/((1*-2)/(-1)). Let d(z) be the second derivative of z**6/360 - z**5/120 + z**3/3 - 2*z. Let s(h) be the second derivative of d(h). Calculate s(n).
0
Let l be (-6)/(-4)*8/12. Let b(m) = -9*m**3 + m - 1. Determine b(l).
-9
Suppose -a + 7*y + 20 = 12*y, 0 = -5*a + 5*y + 10. Let n(d) = 4*d - 3. Give n(a).
17
Let l(k) = k - 5. Let b be l(4). Let u = -1 + 3. Let p(v) = -7*v**u - 2 + 0 + 1. Determine p(b).
-8
Let g(q) = q**2 - 2*q - 3. Suppose 14 - 5 = 3*m. Determine g(m).
0
Let w(a) = -3*a**3 + a - 4. Let j(h) = h**3 + h**2 + h. Let m(d) = 2*j(d) + w(d). Determine m(3).
-4
Let x(s) = s**3 + 2*s**2 - 2*s. Let c be (-1 - 0)/((-2)/(-4)). Determine x(c).
4
Let l(g) = g**3 - 4*g**2 - g + 2. Let a be (-3)/((-3)/(-12)*-2). Let b = a + -1. Suppose -4*f - 4 = 0, b*x - 4*f = -4 + 28. Calculate l(x).
-2
Let b(f) = -f + 1. Let a(j) = -j - 3. Let p = -3 + -6. Let l be a(p). Determine b(l).
-5
Let s(x) = -x + 8. Let m be 12/(-6)*(1 + 2). Calculate s(m).
14
Let k(q) = q**2 + 3*q - 1. Let g be k(-4). Let x(w) = -w**2 + 3*w**2 - 2 + 0*w**2 + 3*w - w**3. Determine x(g).
-2
Let w(u) = 2*u**3 - u**2 + 1. Let p(v) = v**3 + 7*v**2 + 6*v + 1. Let x be p(-6). Let t be w(x). Let h(k) = k**3 + k + 5*k**t + 0*k**2 - 2*k**3. What is h(5)?
5
Let a(i) = i**2 + i. Let c be a(-2). Let n(q) = -c*q - 1 + 5*q + q**2 + q. What is n(-6)?
11
Let b be -2*1/(-1)*1. Let x(i) = -2*i + 3 - 7 - b*i. Let q(j) = -5*j - 4. Let s(a) = -2*q(a) + 3*x(a). Calculate s(3).
-10
Let g(t) = 5*t**3 - 7*t**2 - 3*t - 4. Let y(k) = k + k**2 + 3*k**3 - 4*k**3 + 0*k**3. Let w(n) = -g(n) - 4*y(n). Determine w(3).
1
Let t(d) = 5*d. Let s = -3 - -4. Determine t(s).
5
Let v(b) = b**3 + 2*b**2 - 5*b + 2. Let q(y) = -3*y**3 - 5*y**2 + 14*y - 6. Let s = -13 + 9. Let m(c) = s*q(c) - 11*v(c). Calculate m(2).
0
Let s(h) = -h**3 + 3*h**2 + 4*h + 2. Let m be s(4). Let a(i) = i**3 - i + 1. Let o(k) = 3*k**3 - 4*k**2 - 3*k + 6. Let f(n) = m*a(n) - o(n). Give f(4).
0
Let p(k) be the second derivative of k**4/12 - k**3/6 + k**2/2 - 5*k. Let t(y) = y**3 + 3*y**2 - 4*y + 4. Let d be t(-4). Let c = d - 3. Determine p(c).
1
Let j(g) = 7*g + 5. Let y(o) = -13*o - 9. Let r(h) = -11*j(h) - 6*y(h). Let f(x) = -2*x + 6. Let b(s) = -f(s) - 5*r(s). Determine b(1).
-4
Let d(m) = -2*m**3 + m**2 + m. Let s(h) = -3*h**3 + 9*h**2 + 4*h + 7. Let l(u) = 2*d(u) - s